(96 - (-5 - -22))?
2, 5, 11, 79
Let v be -4 + 5 + -4 + 6. Let m(q) = -4*q**2 + q - 9. Let x(h) = 3*h**2 - 2*h + 9. Let t(l) = v*x(l) + 2*m(l). What are the prime factors of t(4)?
3
Let j(o) = 69*o**2 - 5*o - 22. What are the prime factors of j(11)?
2, 11, 47
List the prime factors of (-132)/2574 + 877738/78.
3, 11, 31
Let u = 26 + -18. Let n be 2/8 - (-3986)/(-8). What are the prime factors of (-2 + -1 + u)*n/(-10)?
3, 83
Suppose -18*i = 16*i - 989604. List the prime factors of i/27 + 4 + -1.
23, 47
Let v be 19/(-2*(-2)/16). Suppose 101*c = 72*c + 5278. Let a = c - v. List the prime factors of a.
2, 53
List the prime factors of 13/((-650)/20)*26005/(-2).
7, 743
Let p(g) = g**3 + g**2 - 7*g - 3. Let o be p(-3). Suppose 2*d = -o*d + 6, 3*b - 15 = -5*d. What are the prime factors of 3/((-1)/(-44) - b)?
2, 3, 11
Let a(g) = 380*g - 12. Let d be a(6). Suppose 33*u - d = 24*u. List the prime factors of u.
2, 3, 7
Suppose z = -q - 15 + 62, -5*q + 2*z + 249 = 0. Let m be ((-18)/(-15))/(30/50). Suppose b - g - q = -m, 2*b - g - 93 = 0. List the prime factors of b.
2, 23
Suppose -261*i + 4380256 + 9060493 + 9956335 = 0. List the prime factors of i.
2, 73, 307
Suppose -4*j + 4*m + 3 = -9, -5*m + 10 = 0. Suppose -32*r - j = -27*r, 5*q - 5*r = 5590. What are the prime factors of q?
1117
Let j(p) = -2*p - 16. Let d be j(-9). Let x(r) = 23*r**2 + 12*r**d + 82*r**2 + r. List the prime factors of x(-1).
2, 29
Let j(x) = 82*x**2 - 47*x + 550. What are the prime factors of j(16)?
2, 3, 5, 7, 11
Suppose 1696 = -10*d + 12*d + 4*z, 5*d - 5*z - 4300 = 0. Let t = 1251 - d. What are the prime factors of t?
5, 79
Let f = 297 + -289. Suppose 5*o + 68 - f = 5*v, v - 4*o = 0. List the prime factors of v.
2
Let g be 1/(2 + -3)*-3. Let i = 2607 - 2607. Suppose g*q - 111 = -m, i = -3*m + 5*q - 4*q + 293. List the prime factors of m.
3, 11
Let f be 1181 + (-13)/(-26)*(10 - 0). Let h = -526 + f. What are the prime factors of h?
2, 3, 5, 11
Suppose -2*s - 4 = -f - 0, -12 = -3*f + 3*s. Suppose 117 = q - 2*m - 2*m, -f*q + 393 = -m. List the prime factors of q.
97
Let l(k) = k**3 + 48*k**2 + k - 189. List the prime factors of l(-45).
3, 11, 59
Suppose -236 + 916 = 5*s. Let f be (-153)/(-18) + -8 - 14/(-4). Suppose s = -f*y + 744. What are the prime factors of y?
2, 19
Let n be (698 + -65)/(3/(-8)). List the prime factors of n*(-3 - (75/(-6))/5).
2, 211
Let g = 5 - -4. Let h be (0 - 4/(-4))*g*63. List the prime factors of h/45 + 2/5.
13
Suppose 7*n - 11*n - 124 = 0. Let q = 140 + n. What are the prime factors of q?
109
Let n(x) = 24*x**2 - 15*x - 53. Let h be n(-4). Let g = -66 + h. List the prime factors of g.
5, 13
Suppose -53110 + 130220 = 55*u. List the prime factors of u.
2, 701
Let h(g) = 11*g - 118. Let j be h(11). Let m(u) = 11*u**3 + 3*u**2 + 9*u - 20. List the prime factors of m(j).
331
Suppose -5376 = -9*p - 1056. What are the prime factors of p?
2, 3, 5
Suppose 0 = -3*q - 3*q + 13320. Suppose -q = -5*k - 5*o, -185 - 260 = -k - 2*o. List the prime factors of k.
443
Let q = 50361 + -31601. What are the prime factors of q?
2, 5, 7, 67
Let u be (-2 + 2 + 0)*(1 + 0). Suppose l + u = 243. List the prime factors of l.
3
Let q(u) = u**3 + 1. Let n be q(1). Suppose -3*g + 54 = s - g, -5*s + 258 = -n*g. Suppose -5*p + 8*p - 39 = 2*i, s = 4*p - 4*i. What are the prime factors of p?
13
Suppose p = 14*j - 12*j - 43, -4*j = 4*p - 80. Suppose 3*y = -23*g + j*g + 1914, 3828 = 4*g - 4*y. What are the prime factors of g?
3, 11, 29
Suppose 2*w - 4*w + 22 = 0. Suppose -5 = 3*c - w. Suppose 0 = 2*a - 2*n - 92, 4*n = -c*a + 2*n + 112. What are the prime factors of a?
3, 17
Let k(u) = -3829*u + 4701. List the prime factors of k(-3).
2, 3, 19, 71
Let f(d) = -13*d + 76. Let b be f(-14). Let r(u) = -u**3 - 5*u**2 - 9*u - 11. Let q be r(-6). Let p = b - q. What are the prime factors of p?
179
Let l(p) = 190*p**2 - 105*p - 676. What are the prime factors of l(-6)?
2, 43, 79
Let c(g) = -56*g + 71. Let o be c(1). Suppose 33240 = 9*z + o*z. List the prime factors of z.
5, 277
Let o = -15 + 15. Let d(q) = q**2 - 23*q - 76. Let r be d(26). Suppose o*n + 171 = 3*n - 3*c, -r*c = 0. What are the prime factors of n?
3, 19
Suppose t - 28*m + 32*m - 14593 = 0, 3*t + 8*m = 43751. What are the prime factors of t?
3, 5, 971
Suppose -25*j + 351736 = -218314. What are the prime factors of j?
2, 13, 877
Suppose 0 = 3*x - z + 646, 2*x = -3*z - 118 - 320. Suppose p = 0, -4*k + 2*p + 2123 = 703. Let q = x + k. List the prime factors of q.
139
Suppose -7*d = 17*d - 4032. Let l = d - 144. What are the prime factors of l?
2, 3
Let p = 695 - 584. Suppose 103*n - p*n = -15664. List the prime factors of n.
2, 11, 89
Let c(m) be the second derivative of -13*m**3/6 - 15*m**2/2 - 24*m. Let h be c(-6). Suppose -h*x = -68*x + 1090. What are the prime factors of x?
2, 109
Let d(u) = 28*u - 17 + 18*u - 38*u + 2*u**2. What are the prime factors of d(12)?
367
Let w(h) = -3*h**2 + h + 52. Let u(b) = b**2 + 1. Let q(m) = 5*u(m) + w(m). Let f = -10 + 10. List the prime factors of q(f).
3, 19
Let m = -2455 + 3612. List the prime factors of m.
13, 89
Suppose 0*s = -4*s + b + 14, -3*b = 4*s - 22. Suppose 17892 = 10*p + s*p. What are the prime factors of p?
2, 3, 71
Suppose 5*y - 2*y = f + 40, f = -3*y + 38. Let l(x) = -x**2 + 20*x - 12. What are the prime factors of l(y)?
79
Let d(j) = -2*j**3 + 35*j**2 - 15*j - 36. Let n be d(17). List the prime factors of (n + 7/2)*148.
2, 3, 37
Let c = -16453 + 53154. List the prime factors of c.
7, 107
Suppose -979 - 1101 = -m. Suppose 24*u = 11*u + m. List the prime factors of u.
2, 5
Let l(n) = 11*n + 119. Let o be l(-11). List the prime factors of 454 - -1 - (o - -3).
2, 227
List the prime factors of 83370/(5 + 2) - (-5 - -1).
2, 7, 23, 37
Let f = 67498 - 41258. What are the prime factors of f?
2, 5, 41
Suppose t - 387 = -372. What are the prime factors of (2 + (-264)/t)/((-1)/75)?
2, 3, 5, 13
Suppose 5*n + 945 = 5*l, 0*l - n = l - 189. Let z = 494 - l. Let c = 472 - z. List the prime factors of c.
167
Let d(s) = 18*s**2 - 11*s + 16. Let r(j) = -17*j**2 + 10*j - 17. Let o(u) = -3*d(u) - 4*r(u). List the prime factors of o(-5).
3, 5
Let f be 8 - (10 + (-8 - -2)). Suppose 0 = -f*t + 385 + 671. What are the prime factors of t?
2, 3, 11
Suppose 233 + 547 = 15*u. Suppose -57*j = -u*j - 780. List the prime factors of j.
2, 3, 13
Suppose -5*p - 4 = -3*m - 1, -5*m + 5 = -3*p. Let g = p + -15. Let q = 31 + g. What are the prime factors of q?
2
Let y(g) = g**3 - 75*g**2 - 182*g - 1260. List the prime factors of y(80).
2, 5, 809
Let q(v) = 233*v**2 + 6*v - 12. Let o be q(2). Let c = o + -601. What are the prime factors of c?
331
Let i be 3 + 76/(-28) - (-1003)/(-7). Let o = i - -328. Let x = -57 + o. List the prime factors of x.
2
List the prime factors of (165/(-25))/(9/(-6390)).
2, 3, 11, 71
Let y(t) be the second derivative of 1/4*t**4 + 5/6*t**3 + 0*t**2 - 1/20*t**5 - 6*t + 0. What are the prime factors of y(4)?
2
Suppose 0 = -z - p + 200, 2*z + p = -2*p + 395. Let f = z - -176. List the prime factors of f.
3, 127
Suppose -172787 = -12*l + 135*l - 1123454. List the prime factors of l.
59, 131
Let u(a) = a**2 - 6*a + 7. Let i be u(6). Let l(h) = -4*h - 2*h**3 + i + h**3 + 0*h - 20*h**2 - 3*h. What are the prime factors of l(-20)?
3, 7
Let q be (-1 + -1 - -1) + 1. Suppose 29 = 3*a + 5*w, q*a = 3*a - 2*w - 64. Suppose 16*r + 202 = a*r. What are the prime factors of r?
101
Let a(j) = j**2 + 9*j + 13. Let h be -15*((-18)/(-5) - 3). Let k be a(h). Let v = k + 75. What are the prime factors of v?
2, 11
Let u(n) = -4*n**3 - 4*n**2 - 2*n. Suppose -4*t - 6 = f - 3*f, -27 = 5*f + 4*t. What are the prime factors of u(f)?
2, 3, 13
Let i be 4 + 4/(12/(-21)) + 5. Suppose 0 = -i*u + 5*l + 849, 623 = -3*u - 4*l + 1885. List the prime factors of u.
2, 211
Suppose 0 = 76*d - 82*d + 3*w + 67752, -w + 45168 = 4*d. What are the prime factors of d?
2, 3, 941
Let v = 207 + -208. What are the prime factors of (-4)/v - (26*-13)/2?
173
Let k be ((-725)/(-75))/((-2)/(-12)). Let j = k + -54. Let r = j + 40. What are the prime factors of r?
2, 11
Let t(y) = y**3 + 10*y**2 - 68*y - 24. Let x be t(-16). Let p = x + 1212. What are the prime factors of p?
2, 5, 37
Let h = 21 - 16. Suppose 19 = 4*f - h. List the prime factors of (-4)/